[INFO] cloning repository https://github.com/LuciferK9/actx-tst
[INFO] running `Command { std: "git" "-c" "credential.helper=" "-c" "credential.helper=/workspace/cargo-home/bin/git-credential-null" "clone" "--bare" "https://github.com/LuciferK9/actx-tst" "/workspace/cache/git-repos/https%3A%2F%2Fgithub.com%2FLuciferK9%2Factx-tst", kill_on_drop: false }`
[INFO] [stderr] Cloning into bare repository '/workspace/cache/git-repos/https%3A%2F%2Fgithub.com%2FLuciferK9%2Factx-tst'...
[INFO] running `Command { std: "git" "rev-parse" "HEAD", kill_on_drop: false }`
[INFO] [stdout] 1edc8d02ee1fb800087b0fe3a43cabdd9e6522c2
[INFO] checking LuciferK9/actx-tst against try#72f88fc4e9458f89516a0b8b0868f3718aec5b47 for pr-74989
[INFO] running `Command { std: "git" "clone" "/workspace/cache/git-repos/https%3A%2F%2Fgithub.com%2FLuciferK9%2Factx-tst" "/workspace/builds/worker-13/source", kill_on_drop: false }`
[INFO] [stderr] Cloning into '/workspace/builds/worker-13/source'...
[INFO] [stderr] done.
[INFO] validating manifest of git repo https://github.com/LuciferK9/actx-tst on toolchain 72f88fc4e9458f89516a0b8b0868f3718aec5b47
[INFO] running `Command { std: "/workspace/cargo-home/bin/cargo" "+72f88fc4e9458f89516a0b8b0868f3718aec5b47" "read-manifest" "--manifest-path" "Cargo.toml", kill_on_drop: false }`
[INFO] started tweaking git repo https://github.com/LuciferK9/actx-tst
[INFO] finished tweaking git repo https://github.com/LuciferK9/actx-tst
[INFO] tweaked toml for git repo https://github.com/LuciferK9/actx-tst written to /workspace/builds/worker-13/source/Cargo.toml
[INFO] crate git repo https://github.com/LuciferK9/actx-tst already has a lockfile, it will not be regenerated
[INFO] running `Command { std: "/workspace/cargo-home/bin/cargo" "+72f88fc4e9458f89516a0b8b0868f3718aec5b47" "fetch" "--locked" "--manifest-path" "Cargo.toml", kill_on_drop: false }`
[INFO] [stderr]  Downloading crates ...
[INFO] [stderr]   Downloaded actix-router v0.1.2
[INFO] [stderr]   Downloaded actix-rt v0.2.2
[INFO] [stderr]   Downloaded actix-web-codegen v0.1.0-alpha.6
[INFO] [stderr]   Downloaded actix-utils v0.3.5
[INFO] [stderr]   Downloaded actix-threadpool v0.1.0
[INFO] [stderr]   Downloaded actix-service v0.3.6
[INFO] [stderr]   Downloaded actix-server-config v0.1.0
[INFO] [stderr]   Downloaded awc v0.1.0-alpha.6
[INFO] [stderr]   Downloaded actix-server v0.4.2
[INFO] [stderr]   Downloaded copyless v0.1.2
[INFO] [stderr]   Downloaded actix-files v0.1.0-alpha.6
[INFO] [stderr]   Downloaded actix-connect v0.1.4
[INFO] [stderr]   Downloaded derive_more v0.14.0
[INFO] [stderr]   Downloaded trust-dns-resolver v0.11.0
[INFO] [stderr]   Downloaded hashbrown v0.2.1
[INFO] [stderr]   Downloaded actix-http v0.1.0-alpha.5
[INFO] [stderr]   Downloaded actix-web v1.0.0-alpha.6
[INFO] [stderr]   Downloaded trust-dns-proto v0.7.3
[INFO] running `Command { std: "docker" "create" "-v" "/var/lib/crater-agent-workspace/builds/worker-13/target:/opt/rustwide/target:rw,Z" "-v" "/var/lib/crater-agent-workspace/builds/worker-13/source:/opt/rustwide/workdir:ro,Z" "-v" "/var/lib/crater-agent-workspace/cargo-home:/opt/rustwide/cargo-home:ro,Z" "-v" "/var/lib/crater-agent-workspace/rustup-home:/opt/rustwide/rustup-home:ro,Z" "-e" "SOURCE_DIR=/opt/rustwide/workdir" "-e" "CARGO_TARGET_DIR=/opt/rustwide/target" "-e" "CARGO_HOME=/opt/rustwide/cargo-home" "-e" "RUSTUP_HOME=/opt/rustwide/rustup-home" "-w" "/opt/rustwide/workdir" "-m" "1610612736" "--user" "0:0" "--network" "none" "rustops/crates-build-env@sha256:d92eaeed33fa75130ca1ee6c8a01d1ffb62bac859dfdfb3450e3e5d1c0146529" "/opt/rustwide/cargo-home/bin/cargo" "+72f88fc4e9458f89516a0b8b0868f3718aec5b47" "metadata" "--no-deps" "--format-version=1", kill_on_drop: false }`
[INFO] [stdout] 1fdb8f63e6eee53c2a0537875869c4dbe7b22a9e32fc44cf1a4f6f6c03a070ad
[INFO] [stderr] WARNING: Your kernel does not support swap limit capabilities or the cgroup is not mounted. Memory limited without swap.
[INFO] running `Command { std: "docker" "start" "-a" "1fdb8f63e6eee53c2a0537875869c4dbe7b22a9e32fc44cf1a4f6f6c03a070ad", kill_on_drop: false }`
[INFO] running `Command { std: "docker" "inspect" "1fdb8f63e6eee53c2a0537875869c4dbe7b22a9e32fc44cf1a4f6f6c03a070ad", kill_on_drop: false }`
[INFO] running `Command { std: "docker" "rm" "-f" "1fdb8f63e6eee53c2a0537875869c4dbe7b22a9e32fc44cf1a4f6f6c03a070ad", kill_on_drop: false }`
[INFO] [stdout] 1fdb8f63e6eee53c2a0537875869c4dbe7b22a9e32fc44cf1a4f6f6c03a070ad
[INFO] running `Command { std: "docker" "create" "-v" "/var/lib/crater-agent-workspace/builds/worker-13/target:/opt/rustwide/target:rw,Z" "-v" "/var/lib/crater-agent-workspace/builds/worker-13/source:/opt/rustwide/workdir:ro,Z" "-v" "/var/lib/crater-agent-workspace/cargo-home:/opt/rustwide/cargo-home:ro,Z" "-v" "/var/lib/crater-agent-workspace/rustup-home:/opt/rustwide/rustup-home:ro,Z" "-e" "SOURCE_DIR=/opt/rustwide/workdir" "-e" "CARGO_TARGET_DIR=/opt/rustwide/target" "-e" "CARGO_INCREMENTAL=0" "-e" "RUST_BACKTRACE=full" "-e" "RUSTFLAGS=--cap-lints=forbid" "-e" "CARGO_HOME=/opt/rustwide/cargo-home" "-e" "RUSTUP_HOME=/opt/rustwide/rustup-home" "-w" "/opt/rustwide/workdir" "-m" "1610612736" "--user" "0:0" "--network" "none" "rustops/crates-build-env@sha256:d92eaeed33fa75130ca1ee6c8a01d1ffb62bac859dfdfb3450e3e5d1c0146529" "/opt/rustwide/cargo-home/bin/cargo" "+72f88fc4e9458f89516a0b8b0868f3718aec5b47" "check" "--frozen" "--all" "--all-targets" "--message-format=json", kill_on_drop: false }`
[INFO] [stdout] 907457e9f98ee4848966d416e95d0b7f9ca24053cc998c181ee4f1b0e90c39c0
[INFO] [stderr] WARNING: Your kernel does not support swap limit capabilities or the cgroup is not mounted. Memory limited without swap.
[INFO] running `Command { std: "docker" "start" "-a" "907457e9f98ee4848966d416e95d0b7f9ca24053cc998c181ee4f1b0e90c39c0", kill_on_drop: false }`
[INFO] [stderr]    Compiling autocfg v0.1.2
[INFO] [stderr]    Compiling proc-macro2 v0.4.27
[INFO] [stderr]    Compiling version_check v0.1.5
[INFO] [stderr]    Compiling unicode-xid v0.1.0
[INFO] [stderr]    Compiling syn v0.15.31
[INFO] [stderr]    Compiling cc v1.0.35
[INFO] [stderr]    Compiling byteorder v1.3.1
[INFO] [stderr]     Checking futures v0.1.26
[INFO] [stderr]     Checking rand_core v0.4.0
[INFO] [stderr]     Checking lazy_static v1.3.0
[INFO] [stderr]     Checking smallvec v0.6.9
[INFO] [stderr]    Compiling semver-parser v0.7.0
[INFO] [stderr]     Checking slab v0.4.2
[INFO] [stderr]     Checking stable_deref_trait v1.1.1
[INFO] [stderr]     Checking fnv v1.0.6
[INFO] [stderr]    Compiling memchr v2.2.0
[INFO] [stderr]     Checking scopeguard v0.3.3
[INFO] [stderr]     Checking encoding_index_tests v0.1.4
[INFO] [stderr]     Checking lazycell v1.2.1
[INFO] [stderr]     Checking matches v0.1.8
[INFO] [stderr]     Checking itoa v0.4.3
[INFO] [stderr]    Compiling failure_derive v0.1.5
[INFO] [stderr]     Checking rustc-demangle v0.1.14
[INFO] [stderr]     Checking percent-encoding v1.0.1
[INFO] [stderr]    Compiling serde v1.0.90
[INFO] [stderr]     Checking bitflags v1.0.4
[INFO] [stderr]     Checking quick-error v1.2.2
[INFO] [stderr]     Checking ucd-util v0.1.3
[INFO] [stderr]    Compiling siphasher v0.2.3
[INFO] [stderr]    Compiling crc32fast v1.2.0
[INFO] [stderr]    Compiling ryu v0.2.7
[INFO] [stderr]    Compiling httparse v1.3.3
[INFO] [stderr]     Checking utf8-ranges v1.0.2
[INFO] [stderr]    Compiling core-foundation-sys v0.6.2
[INFO] [stderr]     Checking string v0.1.3
[INFO] [stderr]     Checking either v1.5.2
[INFO] [stderr]     Checking indexmap v1.0.2
[INFO] [stderr]     Checking spin v0.5.0
[INFO] [stderr]     Checking dtoa v0.4.3
[INFO] [stderr]     Checking copyless v0.1.2
[INFO] [stderr]    Compiling pkg-config v0.3.14
[INFO] [stderr]     Checking hashbrown v0.2.1
[INFO] [stderr]     Checking language-tags v0.2.2
[INFO] [stderr]     Checking foreign-types-shared v0.1.1
[INFO] [stderr]     Checking block v0.1.6
[INFO] [stderr]     Checking boxfnonce v0.1.1
[INFO] [stderr]     Checking urlencoding v1.0.0
[INFO] [stderr]     Checking log v0.4.6
[INFO] [stderr]     Checking owning_ref v0.4.0
[INFO] [stderr]     Checking crossbeam-utils v0.6.5
[INFO] [stderr]     Checking thread_local v0.3.6
[INFO] [stderr]     Checking encoding-index-korean v1.20141219.5
[INFO] [stderr]     Checking encoding-index-simpchinese v1.20141219.5
[INFO] [stderr]     Checking encoding-index-japanese v1.20141219.5
[INFO] [stderr]     Checking encoding-index-singlebyte v1.20141219.5
[INFO] [stderr]     Checking encoding-index-tradchinese v1.20141219.5
[INFO] [stderr]     Checking unicode-bidi v0.3.4
[INFO] [stderr]     Checking rand_core v0.3.1
[INFO] [stderr]     Checking rand_jitter v0.1.3
[INFO] [stderr]    Compiling semver v0.9.0
[INFO] [stderr]     Checking unicode-normalization v0.1.8
[INFO] [stderr]     Checking regex-syntax v0.6.6
[INFO] [stderr]     Checking lru-cache v0.1.2
[INFO] [stderr]    Compiling unicase v1.4.2
[INFO] [stderr]    Compiling nom v4.2.3
[INFO] [stderr]    Compiling unicase v2.3.0
[INFO] [stderr]    Compiling v_escape v0.7.2
[INFO] [stderr]    Compiling rand_pcg v0.1.2
[INFO] [stderr]    Compiling rand_chacha v0.1.1
[INFO] [stderr]    Compiling rand v0.6.5
[INFO] [stderr]    Compiling backtrace v0.3.15
[INFO] [stderr]    Compiling libc v0.2.51
[INFO] [stderr]     Checking foreign-types v0.3.2
[INFO] [stderr]     Checking lock_api v0.1.5
[INFO] [stderr]     Checking rand_hc v0.1.0
[INFO] [stderr]     Checking rand_xorshift v0.1.1
[INFO] [stderr]     Checking rand_isaac v0.1.1
[INFO] [stderr]     Checking encoding v0.2.33
[INFO] [stderr]    Compiling rustc_version v0.2.3
[INFO] [stderr]     Checking iovec v0.1.2
[INFO] [stderr]     Checking rand_os v0.1.3
[INFO] [stderr]     Checking net2 v0.2.33
[INFO] [stderr]     Checking socket2 v0.3.8
[INFO] [stderr]     Checking hostname v0.1.5
[INFO] [stderr]     Checking signal-hook v0.1.8
[INFO] [stderr]     Checking time v0.1.42
[INFO] [stderr]     Checking malloc_buf v0.0.6
[INFO] [stderr]     Checking tokio-executor v0.1.7
[INFO] [stderr]     Checking tokio-sync v0.1.4
[INFO] [stderr]     Checking actix-service v0.3.6
[INFO] [stderr]     Checking actix-server-config v0.1.0
[INFO] [stderr]     Checking threadpool v1.7.1
[INFO] [stderr]     Checking core-foundation v0.6.4
[INFO] [stderr]     Checking resolv-conf v0.6.2
[INFO] [stderr]     Checking aho-corasick v0.7.3
[INFO] [stderr]     Checking objc v0.2.6
[INFO] [stderr]     Checking mio v0.6.16
[INFO] [stderr]    Compiling parking_lot_core v0.4.0
[INFO] [stderr]     Checking bytes v0.4.12
[INFO] [stderr]     Checking base64 v0.10.1
[INFO] [stderr]     Checking tokio-timer v0.2.10
[INFO] [stderr]     Checking tokio-current-thread v0.1.6
[INFO] [stderr]    Compiling quote v0.6.12
[INFO] [stderr]     Checking phf_shared v0.7.24
[INFO] [stderr]    Compiling backtrace-sys v0.1.28
[INFO] [stderr]    Compiling brotli-sys v0.3.2
[INFO] [stderr]    Compiling miniz-sys v0.1.11
[INFO] [stderr]    Compiling ring v0.14.6
[INFO] [stderr]    Compiling webview-sys v0.1.1
[INFO] [stderr]     Checking idna v0.1.5
[INFO] [stderr]     Checking mime v0.3.13
[INFO] [stderr]     Checking core-graphics v0.17.3
[INFO] [stderr]     Checking phf v0.7.24
[INFO] [stderr]     Checking tokio-io v0.1.12
[INFO] [stderr]     Checking http v0.1.17
[INFO] [stderr]     Checking string v0.2.0
[INFO] [stdout] error[E0455]: native frameworks are only available on macOS targets
[INFO] [stdout]   --> /opt/rustwide/cargo-home/registry/src/github.com-1ecc6299db9ec823/core-graphics-0.17.3/src/color.rs:31:1
[INFO] [stdout]    |
[INFO] [stdout] 31 | #[link(name = "CoreGraphics", kind = "framework")]
[INFO] [stdout]    | ^^^^^^^^^^^^^^^^^^^^^^^^^^^^^^^^^^^^^^^^^^^^^^^^^^
[INFO] [stdout] 
[INFO] [stdout] 
[INFO] [stdout] error[E0455]: native frameworks are only available on macOS targets
[INFO] [stdout]   --> /opt/rustwide/cargo-home/registry/src/github.com-1ecc6299db9ec823/core-graphics-0.17.3/src/color_space.rs:54:1
[INFO] [stdout]    |
[INFO] [stdout] 54 | #[link(name = "CoreGraphics", kind = "framework")]
[INFO] [stdout]    | ^^^^^^^^^^^^^^^^^^^^^^^^^^^^^^^^^^^^^^^^^^^^^^^^^^
[INFO] [stdout] 
[INFO] [stdout] 
[INFO] [stdout] error[E0455]: native frameworks are only available on macOS targets
[INFO] [stdout]    --> /opt/rustwide/cargo-home/registry/src/github.com-1ecc6299db9ec823/core-graphics-0.17.3/src/context.rs:343:1
[INFO] [stdout]     |
[INFO] [stdout] 343 | #[link(name = "CoreGraphics", kind = "framework")]
[INFO] [stdout]     | ^^^^^^^^^^^^^^^^^^^^^^^^^^^^^^^^^^^^^^^^^^^^^^^^^^
[INFO] [stdout] 
[INFO] [stdout] 
[INFO] [stdout] error[E0455]: native frameworks are only available on macOS targets
[INFO] [stdout]    --> /opt/rustwide/cargo-home/registry/src/github.com-1ecc6299db9ec823/core-graphics-0.17.3/src/data_provider.rs:109:1
[INFO] [stdout]     |
[INFO] [stdout] 109 | #[link(name = "CoreGraphics", kind = "framework")]
[INFO] [stdout]     | ^^^^^^^^^^^^^^^^^^^^^^^^^^^^^^^^^^^^^^^^^^^^^^^^^^
[INFO] [stdout] 
[INFO] [stdout] 
[INFO] [stdout] error[E0455]: native frameworks are only available on macOS targets
[INFO] [stdout]    --> /opt/rustwide/cargo-home/registry/src/github.com-1ecc6299db9ec823/core-graphics-0.17.3/src/font.rs:128:1
[INFO] [stdout]     |
[INFO] [stdout] 128 | #[link(name = "CoreGraphics", kind = "framework")]
[INFO] [stdout]     | ^^^^^^^^^^^^^^^^^^^^^^^^^^^^^^^^^^^^^^^^^^^^^^^^^^
[INFO] [stdout] 
[INFO] [stdout] 
[INFO] [stdout] error[E0455]: native frameworks are only available on macOS targets
[INFO] [stdout]    --> /opt/rustwide/cargo-home/registry/src/github.com-1ecc6299db9ec823/core-graphics-0.17.3/src/geometry.rs:189:5
[INFO] [stdout]     |
[INFO] [stdout] 189 |     #[link(name = "CoreGraphics", kind = "framework")]
[INFO] [stdout]     |     ^^^^^^^^^^^^^^^^^^^^^^^^^^^^^^^^^^^^^^^^^^^^^^^^^^
[INFO] [stdout] 
[INFO] [stdout] 
[INFO] [stdout] error[E0455]: native frameworks are only available on macOS targets
[INFO] [stdout]    --> /opt/rustwide/cargo-home/registry/src/github.com-1ecc6299db9ec823/core-graphics-0.17.3/src/image.rs:138:1
[INFO] [stdout]     |
[INFO] [stdout] 138 | #[link(name = "CoreGraphics", kind = "framework")]
[INFO] [stdout]     | ^^^^^^^^^^^^^^^^^^^^^^^^^^^^^^^^^^^^^^^^^^^^^^^^^^
[INFO] [stdout] 
[INFO] [stdout] 
[INFO] [stdout] error[E0455]: native frameworks are only available on macOS targets
[INFO] [stdout]    --> /opt/rustwide/cargo-home/registry/src/github.com-1ecc6299db9ec823/core-graphics-0.17.3/src/path.rs:124:1
[INFO] [stdout]     |
[INFO] [stdout] 124 | #[link(name = "CoreGraphics", kind = "framework")]
[INFO] [stdout]     | ^^^^^^^^^^^^^^^^^^^^^^^^^^^^^^^^^^^^^^^^^^^^^^^^^^
[INFO] [stdout] 
[INFO] [stdout] 
[INFO] [stdout] error: aborting due to 8 previous errors
[INFO] [stdout] 
[INFO] [stdout] 
[INFO] [stdout] For more information about this error, try `rustc --explain E0455`.
[INFO] [stdout] 
[INFO] [stderr] error: could not compile `core-graphics`.
[INFO] [stderr] 
[INFO] [stderr] To learn more, run the command again with --verbose.
[INFO] [stderr] warning: build failed, waiting for other jobs to finish...
[INFO] [stderr] error: build failed
[INFO] running `Command { std: "docker" "inspect" "907457e9f98ee4848966d416e95d0b7f9ca24053cc998c181ee4f1b0e90c39c0", kill_on_drop: false }`
[INFO] running `Command { std: "docker" "rm" "-f" "907457e9f98ee4848966d416e95d0b7f9ca24053cc998c181ee4f1b0e90c39c0", kill_on_drop: false }`
[INFO] [stdout] 907457e9f98ee4848966d416e95d0b7f9ca24053cc998c181ee4f1b0e90c39c0
